{"id":3056,"date":"2022-06-08T10:05:04","date_gmt":"2022-06-08T10:05:04","guid":{"rendered":"https:\/\/hu.quantum-medical.eu\/?page_id=3056"},"modified":"2024-08-30T08:03:15","modified_gmt":"2024-08-30T08:03:15","slug":"descarcari","status":"publish","type":"page","link":"https:\/\/hu.quantum-medical.eu\/index.php\/descarcari\/","title":{"rendered":"Let\u00f6lt\u00e9sek"},"content":{"rendered":"<!--themify_builder_content-->\n<div id=\"themify_builder_content-3056\" data-postid=\"3056\" class=\"themify_builder_content themify_builder_content-3056 themify_builder tf_clear\">\n    \t<!-- module_row -->\n\t<div  data-lazy=\"1\" class=\"module_row themify_builder_row tb_zep1492 tb_first tf_clearfix\">\n\t    \t\t<div class=\"row_inner col_align_top col-count-1 tf_box tf_w tf_rel\">\n\t\t\t<div  data-lazy=\"1\" class=\"module_column tb-column col-full first tb_95yy492 tf_box\">\n\t\t\t    \t        <div class=\"tb-column-inner tf_box tf_w\">\n\t\t    \t<div  data-lazy=\"1\" class=\"module_subrow themify_builder_sub_row tb_lqg5493 tf_w tf_clearfix\">\n\t    \t\t<div class=\"subrow_inner col_align_top col-count-1 tf_box tf_w\">\n\t\t\t<div  data-lazy=\"1\" class=\"sub_column module_column tf_box col-full first tb_h3nq494\"> \n\t    \t    \t        <div class=\"tb-column-inner tf_box tf_w\">\n\t\t    <!-- module text -->\n<div  class=\"module module-text tb_grp6494   \" data-lazy=\"1\">\n        <div  class=\"tb_text_wrap\">\n    <p><a href=\"https:\/\/pulsar.fra1.cdn.digitaloceanspaces.com\/Pulsar-Installer%201.0.3.exe\"><img class=\"wp-image-3067 aligncenter\" src=\"https:\/\/hu.quantum-medical.eu\/wp-content\/uploads\/2022\/06\/PULSAR-2.svg\" alt=\"\" width=\"270\" \/><\/a><\/p>\n<p style=\"text-align: center;\">A <a href=\"https:\/\/pulsar.fra1.cdn.digitaloceanspaces.com\/Pulsar-Installer%201.0.3.exe\">PULSAR\u00ae<\/a> let\u00f6lt\u00e9s\u00e9hez kattints a k\u00f6vetkez\u0151 hivatkoz\u00e1sra, amely let\u00f6lti a program telep\u00edt\u0151j\u00e9t. A telep\u00edt\u00e9s befejez\u00e9se ut\u00e1n futtasd le a programot, amely let\u00f6lti \u00e9s telep\u00edti a PULSAR\u00ae programot a sz\u00e1m\u00edt\u00f3g\u00e9pedre. Ha seg\u00edts\u00e9gre van sz\u00fcks\u00e9ged a telep\u00edt\u00e9shez, itt tal\u00e1lhatsz egy gyors \u00fatmutat\u00f3t l\u00e9p\u00e9sr\u0151l l\u00e9p\u00e9sre: <a href=\"https:\/\/pulsar.fra1.digitaloceanspaces.com\/PULSAR-Installer%201.0.4.exe\" target=\"_blank\" rel=\"noopener\">PULSAR telepitesi es aktivalasi utmutato<\/a><\/p>\n<p style=\"text-align: center;\">A \u201eLET\u00d6LT\u00c9S\u201d gombra vagy a PULSAR ikonra kattintva elismered, hogy elolvastad \u00e9s meg\u00e9rtetted a <a href=\"https:\/\/hu.quantum-medical.eu\/index.php\/vegfelhasznaloi-licencszerzodes\/\">V\u00c9GFELHASZN\u00c1L\u00d3I LICENCSZERZ\u0150D\u00c9S<\/a>, \u00e9s k\u00f6telez\u0151nek ismered el annak valamennyi felt\u00e9tel\u00e9t. Ha nem fogadod el ezeket a felt\u00e9teleket, ne folytassd a let\u00f6lt\u00e9st.<\/p>\n<p style=\"text-align: center;\"><strong><a href=\"https:\/\/pulsar.fra1.digitaloceanspaces.com\/PULSAR-Installer%201.0.4.exe\">LET\u00d6LT\u00c9S<\/a><\/strong><\/p>\n<p>\u00a0<\/p>    <\/div>\n<\/div>\n<!-- \/module text --><!-- module text -->\n<div  class=\"module module-text tb_fz10887    hide-desktop hide-tablet hide-tablet_landscape hide-mobile\" data-lazy=\"1\">\n        <div  class=\"tb_text_wrap\">\n    <p style=\"text-align: center;\">\u00a0<\/p>\n<p><a href=\"https:\/\/pulsar.fra1.digitaloceanspaces.com\/PULSAR-LC-Installer%201.0.0.exe\"><img loading=\"lazy\" class=\"wp-image-3876 aligncenter\" src=\"https:\/\/quantum-medical.eu\/wp-content\/uploads\/2022\/09\/Life-VISION-_-Logo-279x300.png\" alt=\"\" width=\"173\" height=\"186\" \/><\/a><\/p>\n<p style=\"text-align: center;\">A Life Vision a <a href=\"https:\/\/life-care.com\/\">Life Care<\/a> c\u00e9ggel val\u00f3 leg\u00fajabb egy\u00fcttm\u0171k\u00f6d\u00e9s\u00fcnk &#8220;gyermeke&#8221;. Az ikonra vagy az al\u00e1bbi linkre kattintva let\u00f6ltheted a Life Vision szoftver dem\u00f3j\u00e1t.<\/p>\n<p style=\"text-align: center;\"><strong><a href=\"https:\/\/pulsar.fra1.digitaloceanspaces.com\/PULSAR-LC-Installer%201.0.0.exe\">A LIFE VISION DEMO LET\u00d6LT\u00c9SE ITT<\/a><\/strong><\/p>    <\/div>\n<\/div>\n<!-- \/module text -->\t        <\/div>\n\t    \t<\/div>\n\t\t    <\/div>\n\t<\/div><!-- \/themify_builder_sub_row -->\n\t\t        <\/div>\n\t    \t<\/div>\n\t\t    <\/div>\n\t    <!-- \/row_inner -->\n\t<\/div>\n\t<!-- \/module_row -->\n\t<\/div>\n<!--\/themify_builder_content--><!-- AddThis Advanced Settings generic via filter on the_content --><!-- AddThis Share Buttons generic via filter on the_content -->","protected":false},"excerpt":{"rendered":"<p>A PULSAR\u00ae let\u00f6lt\u00e9s\u00e9hez kattints a k\u00f6vetkez\u0151 hivatkoz\u00e1sra, amely let\u00f6lti a program telep\u00edt\u0151j\u00e9t. A telep\u00edt\u00e9s befejez\u00e9se ut\u00e1n futtasd le a programot, amely let\u00f6lti \u00e9s telep\u00edti a PULSAR\u00ae programot a sz\u00e1m\u00edt\u00f3g\u00e9pedre. Ha seg\u00edts\u00e9gre van sz\u00fcks\u00e9ged a telep\u00edt\u00e9shez, itt tal\u00e1lhatsz egy gyors \u00fatmutat\u00f3t l\u00e9p\u00e9sr\u0151l l\u00e9p\u00e9sre: PULSAR telepitesi es aktivalasi utmutato A \u201eLET\u00d6LT\u00c9S\u201d gombra vagy a PULSAR ikonra kattintva [&hellip;]<!-- AddThis Advanced Settings generic via filter on get_the_excerpt --><!-- AddThis Share Buttons generic via filter on get_the_excerpt --><\/p>\n","protected":false},"author":2,"featured_media":0,"parent":0,"menu_order":41,"comment_status":"closed","ping_status":"closed","template":"","meta":{"inline_featured_image":false},"yoast_head":"<!-- This site is optimized with the Yoast SEO plugin v20.6 - https:\/\/yoast.com\/wordpress\/plugins\/seo\/ -->\n<title>Let\u00f6lt\u00e9sek &mdash; Quantum Medical<\/title>\n<meta name=\"robots\" content=\"index, follow, max-snippet:-1, max-image-preview:large, max-video-preview:-1\" \/>\n<link rel=\"canonical\" href=\"https:\/\/hu.quantum-medical.eu\/index.php\/descarcari\/\" \/>\n<meta property=\"og:locale\" content=\"en_US\" \/>\n<meta property=\"og:type\" content=\"article\" \/>\n<meta property=\"og:title\" content=\"Let\u00f6lt\u00e9sek &mdash; Quantum Medical\" \/>\n<meta property=\"og:description\" content=\"A PULSAR\u00ae let\u00f6lt\u00e9s\u00e9hez kattints a k\u00f6vetkez\u0151 hivatkoz\u00e1sra, amely let\u00f6lti a program telep\u00edt\u0151j\u00e9t. A telep\u00edt\u00e9s befejez\u00e9se ut\u00e1n futtasd le a programot, amely let\u00f6lti \u00e9s telep\u00edti a PULSAR\u00ae programot a sz\u00e1m\u00edt\u00f3g\u00e9pedre. Ha seg\u00edts\u00e9gre van sz\u00fcks\u00e9ged a telep\u00edt\u00e9shez, itt tal\u00e1lhatsz egy gyors \u00fatmutat\u00f3t l\u00e9p\u00e9sr\u0151l l\u00e9p\u00e9sre: PULSAR telepitesi es aktivalasi utmutato A \u201eLET\u00d6LT\u00c9S\u201d gombra vagy a PULSAR ikonra kattintva [&hellip;]\" \/>\n<meta property=\"og:url\" content=\"https:\/\/hu.quantum-medical.eu\/index.php\/descarcari\/\" \/>\n<meta property=\"og:site_name\" content=\"Quantum Medical\" \/>\n<meta property=\"article:publisher\" content=\"https:\/\/www.facebook.com\/QuantumMedEU\" \/>\n<meta property=\"article:modified_time\" content=\"2024-08-30T08:03:15+00:00\" \/>\n<meta name=\"twitter:card\" content=\"summary_large_image\" \/>\n<meta name=\"twitter:site\" content=\"@QuantumMedEU\" \/>\n<script type=\"application\/ld+json\" class=\"yoast-schema-graph\">{\"@context\":\"https:\/\/schema.org\",\"@graph\":[{\"@type\":\"WebPage\",\"@id\":\"https:\/\/hu.quantum-medical.eu\/index.php\/descarcari\/\",\"url\":\"https:\/\/hu.quantum-medical.eu\/index.php\/descarcari\/\",\"name\":\"Let\u00f6lt\u00e9sek &mdash; Quantum Medical\",\"isPartOf\":{\"@id\":\"https:\/\/hu.quantum-medical.eu\/#website\"},\"datePublished\":\"2022-06-08T10:05:04+00:00\",\"dateModified\":\"2024-08-30T08:03:15+00:00\",\"breadcrumb\":{\"@id\":\"https:\/\/hu.quantum-medical.eu\/index.php\/descarcari\/#breadcrumb\"},\"inLanguage\":\"en-US\",\"potentialAction\":[{\"@type\":\"ReadAction\",\"target\":[\"https:\/\/hu.quantum-medical.eu\/index.php\/descarcari\/\"]}]},{\"@type\":\"BreadcrumbList\",\"@id\":\"https:\/\/hu.quantum-medical.eu\/index.php\/descarcari\/#breadcrumb\",\"itemListElement\":[{\"@type\":\"ListItem\",\"position\":1,\"name\":\"Home\",\"item\":\"https:\/\/hu.quantum-medical.eu\/\"},{\"@type\":\"ListItem\",\"position\":2,\"name\":\"Let\u00f6lt\u00e9sek\"}]},{\"@type\":\"WebSite\",\"@id\":\"https:\/\/hu.quantum-medical.eu\/#website\",\"url\":\"https:\/\/hu.quantum-medical.eu\/\",\"name\":\"Quantum Medical\",\"description\":\"\",\"publisher\":{\"@id\":\"https:\/\/hu.quantum-medical.eu\/#organization\"},\"potentialAction\":[{\"@type\":\"SearchAction\",\"target\":{\"@type\":\"EntryPoint\",\"urlTemplate\":\"https:\/\/hu.quantum-medical.eu\/?s={search_term_string}\"},\"query-input\":\"required name=search_term_string\"}],\"inLanguage\":\"en-US\"},{\"@type\":\"Organization\",\"@id\":\"https:\/\/hu.quantum-medical.eu\/#organization\",\"name\":\"Quantum Medical SRL\",\"url\":\"https:\/\/hu.quantum-medical.eu\/\",\"logo\":{\"@type\":\"ImageObject\",\"inLanguage\":\"en-US\",\"@id\":\"https:\/\/hu.quantum-medical.eu\/#\/schema\/logo\/image\/\",\"url\":\"https:\/\/hu.quantum-medical.eu\/wp-content\/uploads\/2021\/05\/Quantum-Medical-logo-1.svg\",\"contentUrl\":\"https:\/\/hu.quantum-medical.eu\/wp-content\/uploads\/2021\/05\/Quantum-Medical-logo-1.svg\",\"width\":1,\"height\":1,\"caption\":\"Quantum Medical SRL\"},\"image\":{\"@id\":\"https:\/\/hu.quantum-medical.eu\/#\/schema\/logo\/image\/\"},\"sameAs\":[\"https:\/\/www.facebook.com\/QuantumMedEU\",\"https:\/\/twitter.com\/QuantumMedEU\",\"https:\/\/www.youtube.com\/channel\/UCZTJzN8-w3F6DHAt2jh67oA\",\"https:\/\/www.instagram.com\/quantum_medical\/\"]}]}<\/script>\n<!-- \/ Yoast SEO plugin. -->","yoast_head_json":{"title":"Let\u00f6lt\u00e9sek &mdash; Quantum Medical","robots":{"index":"index","follow":"follow","max-snippet":"max-snippet:-1","max-image-preview":"max-image-preview:large","max-video-preview":"max-video-preview:-1"},"canonical":"https:\/\/hu.quantum-medical.eu\/index.php\/descarcari\/","og_locale":"en_US","og_type":"article","og_title":"Let\u00f6lt\u00e9sek &mdash; Quantum Medical","og_description":"A PULSAR\u00ae let\u00f6lt\u00e9s\u00e9hez kattints a k\u00f6vetkez\u0151 hivatkoz\u00e1sra, amely let\u00f6lti a program telep\u00edt\u0151j\u00e9t. A telep\u00edt\u00e9s befejez\u00e9se ut\u00e1n futtasd le a programot, amely let\u00f6lti \u00e9s telep\u00edti a PULSAR\u00ae programot a sz\u00e1m\u00edt\u00f3g\u00e9pedre. Ha seg\u00edts\u00e9gre van sz\u00fcks\u00e9ged a telep\u00edt\u00e9shez, itt tal\u00e1lhatsz egy gyors \u00fatmutat\u00f3t l\u00e9p\u00e9sr\u0151l l\u00e9p\u00e9sre: PULSAR telepitesi es aktivalasi utmutato A \u201eLET\u00d6LT\u00c9S\u201d gombra vagy a PULSAR ikonra kattintva [&hellip;]","og_url":"https:\/\/hu.quantum-medical.eu\/index.php\/descarcari\/","og_site_name":"Quantum Medical","article_publisher":"https:\/\/www.facebook.com\/QuantumMedEU","article_modified_time":"2024-08-30T08:03:15+00:00","twitter_card":"summary_large_image","twitter_site":"@QuantumMedEU","schema":{"@context":"https:\/\/schema.org","@graph":[{"@type":"WebPage","@id":"https:\/\/hu.quantum-medical.eu\/index.php\/descarcari\/","url":"https:\/\/hu.quantum-medical.eu\/index.php\/descarcari\/","name":"Let\u00f6lt\u00e9sek &mdash; Quantum Medical","isPartOf":{"@id":"https:\/\/hu.quantum-medical.eu\/#website"},"datePublished":"2022-06-08T10:05:04+00:00","dateModified":"2024-08-30T08:03:15+00:00","breadcrumb":{"@id":"https:\/\/hu.quantum-medical.eu\/index.php\/descarcari\/#breadcrumb"},"inLanguage":"en-US","potentialAction":[{"@type":"ReadAction","target":["https:\/\/hu.quantum-medical.eu\/index.php\/descarcari\/"]}]},{"@type":"BreadcrumbList","@id":"https:\/\/hu.quantum-medical.eu\/index.php\/descarcari\/#breadcrumb","itemListElement":[{"@type":"ListItem","position":1,"name":"Home","item":"https:\/\/hu.quantum-medical.eu\/"},{"@type":"ListItem","position":2,"name":"Let\u00f6lt\u00e9sek"}]},{"@type":"WebSite","@id":"https:\/\/hu.quantum-medical.eu\/#website","url":"https:\/\/hu.quantum-medical.eu\/","name":"Quantum Medical","description":"","publisher":{"@id":"https:\/\/hu.quantum-medical.eu\/#organization"},"potentialAction":[{"@type":"SearchAction","target":{"@type":"EntryPoint","urlTemplate":"https:\/\/hu.quantum-medical.eu\/?s={search_term_string}"},"query-input":"required name=search_term_string"}],"inLanguage":"en-US"},{"@type":"Organization","@id":"https:\/\/hu.quantum-medical.eu\/#organization","name":"Quantum Medical SRL","url":"https:\/\/hu.quantum-medical.eu\/","logo":{"@type":"ImageObject","inLanguage":"en-US","@id":"https:\/\/hu.quantum-medical.eu\/#\/schema\/logo\/image\/","url":"https:\/\/hu.quantum-medical.eu\/wp-content\/uploads\/2021\/05\/Quantum-Medical-logo-1.svg","contentUrl":"https:\/\/hu.quantum-medical.eu\/wp-content\/uploads\/2021\/05\/Quantum-Medical-logo-1.svg","width":1,"height":1,"caption":"Quantum Medical SRL"},"image":{"@id":"https:\/\/hu.quantum-medical.eu\/#\/schema\/logo\/image\/"},"sameAs":["https:\/\/www.facebook.com\/QuantumMedEU","https:\/\/twitter.com\/QuantumMedEU","https:\/\/www.youtube.com\/channel\/UCZTJzN8-w3F6DHAt2jh67oA","https:\/\/www.instagram.com\/quantum_medical\/"]}]}},"builder_content":"<p><a href=\"https:\/\/pulsar.fra1.cdn.digitaloceanspaces.com\/Pulsar-Installer%201.0.3.exe\"><img src=\"https:\/\/hu.quantum-medical.eu\/wp-content\/uploads\/2022\/06\/PULSAR-2.svg\" alt=\"\" width=\"270\" \/><\/a><\/p> <p style=\"text-align: center;\">A <a href=\"https:\/\/pulsar.fra1.cdn.digitaloceanspaces.com\/Pulsar-Installer%201.0.3.exe\">PULSAR\u00ae<\/a> let\u00f6lt\u00e9s\u00e9hez kattints a k\u00f6vetkez\u0151 hivatkoz\u00e1sra, amely let\u00f6lti a program telep\u00edt\u0151j\u00e9t. A telep\u00edt\u00e9s befejez\u00e9se ut\u00e1n futtasd le a programot, amely let\u00f6lti \u00e9s telep\u00edti a PULSAR\u00ae programot a sz\u00e1m\u00edt\u00f3g\u00e9pedre. Ha seg\u00edts\u00e9gre van sz\u00fcks\u00e9ged a telep\u00edt\u00e9shez, itt tal\u00e1lhatsz egy gyors \u00fatmutat\u00f3t l\u00e9p\u00e9sr\u0151l l\u00e9p\u00e9sre: <a href=\"https:\/\/pulsar.fra1.digitaloceanspaces.com\/PULSAR-Installer%201.0.4.exe\" target=\"_blank\" rel=\"noopener\">PULSAR telepitesi es aktivalasi utmutato<\/a><\/p> <p style=\"text-align: center;\">A \u201eLET\u00d6LT\u00c9S\u201d gombra vagy a PULSAR ikonra kattintva elismered, hogy elolvastad \u00e9s meg\u00e9rtetted a <a href=\"https:\/\/hu.quantum-medical.eu\/index.php\/vegfelhasznaloi-licencszerzodes\/\">V\u00c9GFELHASZN\u00c1L\u00d3I LICENCSZERZ\u0150D\u00c9S<\/a>, \u00e9s k\u00f6telez\u0151nek ismered el annak valamennyi felt\u00e9tel\u00e9t. Ha nem fogadod el ezeket a felt\u00e9teleket, ne folytassd a let\u00f6lt\u00e9st.<\/p> <p style=\"text-align: center;\"><strong><a href=\"https:\/\/pulsar.fra1.digitaloceanspaces.com\/PULSAR-Installer%201.0.4.exe\">LET\u00d6LT\u00c9S<\/a><\/strong><\/p> <p>\u00a0<\/p>\n<p style=\"text-align: center;\">\u00a0<\/p> <p><a href=\"https:\/\/pulsar.fra1.digitaloceanspaces.com\/PULSAR-LC-Installer%201.0.0.exe\"><img loading=\"lazy\" src=\"https:\/\/quantum-medical.eu\/wp-content\/uploads\/2022\/09\/Life-VISION-_-Logo-279x300.png\" alt=\"\" width=\"173\" height=\"186\" \/><\/a><\/p> <p style=\"text-align: center;\">A Life Vision a <a href=\"https:\/\/life-care.com\/\">Life Care<\/a> c\u00e9ggel val\u00f3 leg\u00fajabb egy\u00fcttm\u0171k\u00f6d\u00e9s\u00fcnk \"gyermeke\". Az ikonra vagy az al\u00e1bbi linkre kattintva let\u00f6ltheted a Life Vision szoftver dem\u00f3j\u00e1t.<\/p> <p style=\"text-align: center;\"><strong><a href=\"https:\/\/pulsar.fra1.digitaloceanspaces.com\/PULSAR-LC-Installer%201.0.0.exe\">A LIFE VISION DEMO LET\u00d6LT\u00c9SE ITT<\/a><\/strong><\/p>","_links":{"self":[{"href":"https:\/\/hu.quantum-medical.eu\/index.php\/wp-json\/wp\/v2\/pages\/3056"}],"collection":[{"href":"https:\/\/hu.quantum-medical.eu\/index.php\/wp-json\/wp\/v2\/pages"}],"about":[{"href":"https:\/\/hu.quantum-medical.eu\/index.php\/wp-json\/wp\/v2\/types\/page"}],"author":[{"embeddable":true,"href":"https:\/\/hu.quantum-medical.eu\/index.php\/wp-json\/wp\/v2\/users\/2"}],"replies":[{"embeddable":true,"href":"https:\/\/hu.quantum-medical.eu\/index.php\/wp-json\/wp\/v2\/comments?post=3056"}],"version-history":[{"count":61,"href":"https:\/\/hu.quantum-medical.eu\/index.php\/wp-json\/wp\/v2\/pages\/3056\/revisions"}],"predecessor-version":[{"id":3665,"href":"https:\/\/hu.quantum-medical.eu\/index.php\/wp-json\/wp\/v2\/pages\/3056\/revisions\/3665"}],"wp:attachment":[{"href":"https:\/\/hu.quantum-medical.eu\/index.php\/wp-json\/wp\/v2\/media?parent=3056"}],"curies":[{"name":"wp","href":"https:\/\/api.w.org\/{rel}","templated":true}]}}